{"id":81,"date":"2024-03-15T17:12:30","date_gmt":"2024-03-15T16:12:30","guid":{"rendered":"https:\/\/emanuelzozor.com\/?page_id=81"},"modified":"2026-03-25T21:17:00","modified_gmt":"2026-03-25T20:17:00","slug":"pedagogie","status":"publish","type":"page","link":"https:\/\/emanuelzozor.com\/index.php\/pedagogie\/","title":{"rendered":"P\u00e9dagogie"},"content":{"rendered":"\n<div class=\"wp-block-group alignfull has-global-padding is-layout-constrained wp-container-core-group-is-layout-490fa1db wp-block-group-is-layout-constrained\" style=\"padding-top:var(--wp--preset--spacing--50);padding-right:var(--wp--preset--spacing--50);padding-bottom:var(--wp--preset--spacing--50);padding-left:var(--wp--preset--spacing--50)\">\n<div class=\"wp-block-group has-global-padding is-layout-constrained wp-container-core-group-is-layout-650790e1 wp-block-group-is-layout-constrained\">\n<h1 class=\"wp-block-heading has-text-align-center has-x-large-font-size\">Emanuel Zozor participe ponctuellement \u00e0 des actions de d\u00e9couverte de l\u2019orgue et du patrimoine musical, principalement dans un cadre scolaire ou paroissial.<\/h1>\n\n\n\n<div style=\"height:1.25rem\" aria-hidden=\"true\" class=\"wp-block-spacer\"><\/div>\n\n\n\n<p class=\"has-text-align-center\">Ces interventions prennent la forme de visites de tribunes, de pr\u00e9sentations de l\u2019instrument et de temps d\u2019\u00e9coute, en lien avec la vie liturgique et la transmission du patrimoine.<\/p>\n\n\n\n<div style=\"height:1.25rem\" aria-hidden=\"true\" class=\"wp-block-spacer\"><\/div>\n<\/div>\n\n\n\n<div style=\"height:var(--wp--preset--spacing--30)\" aria-hidden=\"true\" class=\"wp-block-spacer\"><\/div>\n\n\n\n<figure class=\"wp-block-image alignwide size-full is-style-rounded is-style-rounded--1\"><img loading=\"lazy\" decoding=\"async\" width=\"2116\" height=\"1414\" src=\"https:\/\/emanuelzozor.com\/wp-content\/uploads\/2024\/03\/IMG_0074.jpeg\" alt=\"\" class=\"wp-image-82\" srcset=\"https:\/\/emanuelzozor.com\/wp-content\/uploads\/2024\/03\/IMG_0074.jpeg 2116w, https:\/\/emanuelzozor.com\/wp-content\/uploads\/2024\/03\/IMG_0074-300x200.jpeg 300w, https:\/\/emanuelzozor.com\/wp-content\/uploads\/2024\/03\/IMG_0074-1024x684.jpeg 1024w, https:\/\/emanuelzozor.com\/wp-content\/uploads\/2024\/03\/IMG_0074-768x513.jpeg 768w, https:\/\/emanuelzozor.com\/wp-content\/uploads\/2024\/03\/IMG_0074-1536x1026.jpeg 1536w, https:\/\/emanuelzozor.com\/wp-content\/uploads\/2024\/03\/IMG_0074-2048x1369.jpeg 2048w\" sizes=\"auto, (max-width: 2116px) 100vw, 2116px\" \/><figcaption class=\"wp-element-caption\">Visite des \u00e9l\u00e8ves de Revel, 2023.<\/figcaption><\/figure>\n<\/div>\n\n\n\n<div class=\"wp-block-group alignfull has-base-2-background-color has-background has-global-padding is-layout-constrained wp-container-core-group-is-layout-669513ed wp-block-group-is-layout-constrained\" style=\"margin-top:0;margin-bottom:0;padding-top:var(--wp--preset--spacing--50);padding-right:var(--wp--preset--spacing--50);padding-bottom:var(--wp--preset--spacing--50);padding-left:var(--wp--preset--spacing--50)\">\n<div class=\"wp-block-group is-vertical is-content-justification-center is-layout-flex wp-container-core-group-is-layout-52b864f0 wp-block-group-is-layout-flex\">\n<h2 class=\"wp-block-heading has-text-align-center is-style-asterisk\">Visite des \u00e9coles de diff\u00e9rents secteurs<\/h2>\n\n\n\n<div style=\"height:0px\" aria-hidden=\"true\" class=\"wp-block-spacer wp-container-content-4f2ccadb\"><\/div>\n\n\n\n<p class=\"has-text-align-center\">En collaboration avec les \u00e9coles du secteur, plus de 250 \u00e9l\u00e8ves allant de la maternelle \u00e0 la primaire ont pu visiter le grand orgue de l\u2019\u00e9glise, et l\u2019entendre jouer.<\/p>\n<\/div>\n<\/div>\n\n\n\n<div class=\"wp-block-group alignfull has-base-2-background-color has-background has-global-padding is-layout-constrained wp-container-core-group-is-layout-669513ed wp-block-group-is-layout-constrained\" style=\"margin-top:0;margin-bottom:0;padding-top:var(--wp--preset--spacing--50);padding-right:var(--wp--preset--spacing--50);padding-bottom:var(--wp--preset--spacing--50);padding-left:var(--wp--preset--spacing--50)\">\n<div class=\"wp-block-group is-vertical is-content-justification-center is-layout-flex wp-container-core-group-is-layout-52b864f0 wp-block-group-is-layout-flex\">\n<h2 class=\"wp-block-heading has-text-align-center is-style-asterisk\">Brochure<\/h2>\n\n\n\n<p class=\"has-text-align-center\"><em><strong>Accompagner la Messe \u00e0 la Paroisse Etudiante<\/strong><\/em><\/p>\n\n\n\n<div style=\"height:0px\" aria-hidden=\"true\" class=\"wp-block-spacer wp-container-content-4f2ccadb\"><\/div>\n\n\n\n<figure class=\"wp-block-image size-large is-resized is-style-rounded is-style-rounded--2\"><img loading=\"lazy\" decoding=\"async\" width=\"1024\" height=\"1024\" src=\"http:\/\/emanuelzozor.com\/wp-content\/uploads\/2025\/11\/Accompagner-la-Messe-1024x1024.png\" alt=\"\" class=\"wp-image-510\" style=\"width:392px;height:auto\" srcset=\"https:\/\/emanuelzozor.com\/wp-content\/uploads\/2025\/11\/Accompagner-la-Messe-1024x1024.png 1024w, https:\/\/emanuelzozor.com\/wp-content\/uploads\/2025\/11\/Accompagner-la-Messe-300x300.png 300w, https:\/\/emanuelzozor.com\/wp-content\/uploads\/2025\/11\/Accompagner-la-Messe-150x150.png 150w, https:\/\/emanuelzozor.com\/wp-content\/uploads\/2025\/11\/Accompagner-la-Messe-768x768.png 768w, https:\/\/emanuelzozor.com\/wp-content\/uploads\/2025\/11\/Accompagner-la-Messe.png 1080w\" sizes=\"auto, (max-width: 1024px) 100vw, 1024px\" \/><\/figure>\n<\/div>\n\n\n\n<div style=\"margin-top:0;margin-bottom:0;height:var(--wp--preset--spacing--40)\" aria-hidden=\"true\" class=\"wp-block-spacer\"><\/div>\n\n\n\n<div class=\"wp-block-columns alignwide is-layout-flex wp-container-core-columns-is-layout-d0bbbce0 wp-block-columns-is-layout-flex\">\n<div class=\"wp-block-column is-layout-flow wp-container-core-column-is-layout-e3d1c41b wp-block-column-is-layout-flow\">\n<h3 class=\"wp-block-heading has-text-align-left is-style-asterisk has-body-font-family has-medium-font-size\" style=\"font-style:normal;font-weight:600\">Tome I &#8211; La Messe Dominicale<\/h3>\n\n\n\n<p class=\"has-text-align-left\">Ce premier tome s\u2019adresse aux organistes de la paroisse \u00e9tudiante d\u00e9sireux d\u2019apprendre \u00e0 accompagner la messe dominicale. Ce guide complet inclut les accompagnements des oraisons, des rappels liturgiques (fond\u00e9s sur la <em>Pr\u00e9sentation g\u00e9n\u00e9rale du Missel romain<\/em>).<\/p>\n\n\n\n<div data-wp-interactive=\"core\/file\" class=\"wp-block-file\"><object data-wp-bind--hidden=\"!state.hasPdfPreview\" hidden class=\"wp-block-file__embed\" data=\"http:\/\/emanuelzozor.com\/wp-content\/uploads\/2025\/11\/Accompagner-la-Messe-PEDT-version-imprimable.pdf\" type=\"application\/pdf\" style=\"width:100%;height:200px\" aria-label=\"Contenu embarqu\u00e9 Accompagner la Messe dominicale PEDT.\"><\/object><a id=\"wp-block-file--media-dae87dc1-cc07-4277-a611-7e6c5ddbccfc\" href=\"http:\/\/emanuelzozor.com\/wp-content\/uploads\/2025\/11\/Accompagner-la-Messe-PEDT-version-imprimable.pdf\">Accompagner la Messe dominicale PEDT<\/a><a href=\"http:\/\/emanuelzozor.com\/wp-content\/uploads\/2025\/11\/Accompagner-la-Messe-PEDT-version-imprimable.pdf\" class=\"wp-block-file__button wp-element-button\" download aria-describedby=\"wp-block-file--media-dae87dc1-cc07-4277-a611-7e6c5ddbccfc\">T\u00e9l\u00e9charger<\/a><\/div>\n<\/div>\n<\/div>\n\n\n\n<div style=\"height:var(--wp--preset--spacing--20)\" aria-hidden=\"true\" class=\"wp-block-spacer\"><\/div>\n<\/div>\n\n\n\n<div class=\"wp-block-group is-vertical is-content-justification-center is-layout-flex wp-container-core-group-is-layout-52b864f0 wp-block-group-is-layout-flex\">\n<h2 class=\"wp-block-heading has-text-align-center is-style-asterisk\">Etude<\/h2>\n\n\n\n<p class=\"has-text-align-center\"><em><strong>L&rsquo;organiste liturgique dans l&rsquo;Eglise Catholique<\/strong><\/em><\/p>\n\n\n\n<div style=\"height:0px\" aria-hidden=\"true\" class=\"wp-block-spacer wp-container-content-4f2ccadb\"><\/div>\n\n\n\n<figure class=\"wp-block-image size-large is-resized is-style-rounded is-style-rounded--3\"><img loading=\"lazy\" decoding=\"async\" width=\"791\" height=\"1024\" src=\"http:\/\/emanuelzozor.com\/wp-content\/uploads\/2026\/03\/Etude-sur-les-organistes-liturgiques_page-0001-791x1024.jpg\" alt=\"\" class=\"wp-image-646\" style=\"width:392px;height:auto\" srcset=\"https:\/\/emanuelzozor.com\/wp-content\/uploads\/2026\/03\/Etude-sur-les-organistes-liturgiques_page-0001-791x1024.jpg 791w, https:\/\/emanuelzozor.com\/wp-content\/uploads\/2026\/03\/Etude-sur-les-organistes-liturgiques_page-0001-232x300.jpg 232w, https:\/\/emanuelzozor.com\/wp-content\/uploads\/2026\/03\/Etude-sur-les-organistes-liturgiques_page-0001-768x994.jpg 768w, https:\/\/emanuelzozor.com\/wp-content\/uploads\/2026\/03\/Etude-sur-les-organistes-liturgiques_page-0001-1187x1536.jpg 1187w, https:\/\/emanuelzozor.com\/wp-content\/uploads\/2026\/03\/Etude-sur-les-organistes-liturgiques_page-0001.jpg 1275w\" sizes=\"auto, (max-width: 791px) 100vw, 791px\" \/><\/figure>\n<\/div>\n\n\n\n<div data-wp-interactive=\"core\/file\" class=\"wp-block-file\"><object data-wp-bind--hidden=\"!state.hasPdfPreview\" hidden class=\"wp-block-file__embed\" data=\"http:\/\/emanuelzozor.com\/wp-content\/uploads\/2026\/03\/Etude-sur-les-organistes-liturgiques.pdf\" type=\"application\/pdf\" style=\"width:100%;height:200px\" aria-label=\"Contenu embarqu\u00e9 Etude sur les organistes liturgiques (Emanuel Zozor).\"><\/object><a id=\"wp-block-file--media-ee0cffd0-11f0-4b6c-baf4-380a85547c4d\" href=\"http:\/\/emanuelzozor.com\/wp-content\/uploads\/2026\/03\/Etude-sur-les-organistes-liturgiques.pdf\">Etude sur les organistes liturgiques (Emanuel Zozor)<\/a><a href=\"http:\/\/emanuelzozor.com\/wp-content\/uploads\/2026\/03\/Etude-sur-les-organistes-liturgiques.pdf\" class=\"wp-block-file__button wp-element-button\" download aria-describedby=\"wp-block-file--media-ee0cffd0-11f0-4b6c-baf4-380a85547c4d\">T\u00e9l\u00e9charger<\/a><\/div>\n\n\n\n<p><\/p>\n","protected":false},"excerpt":{"rendered":"<p>Emanuel Zozor participe ponctuellement \u00e0 des actions de d\u00e9couverte de l\u2019orgue et du patrimoine musical, principalement dans un cadre scolaire ou paroissial. Ces interventions prennent la forme de visites de [&hellip;]<\/p>\n","protected":false},"author":1,"featured_media":0,"parent":0,"menu_order":0,"comment_status":"closed","ping_status":"closed","template":"","meta":{"_EventAllDay":false,"_EventTimezone":"","_EventStartDate":"","_EventEndDate":"","_EventStartDateUTC":"","_EventEndDateUTC":"","_EventShowMap":false,"_EventShowMapLink":false,"_EventURL":"","_EventCost":"","_EventCostDescription":"","_EventCurrencySymbol":"","_EventCurrencyCode":"","_EventCurrencyPosition":"","_EventDateTimeSeparator":"","_EventTimeRangeSeparator":"","_EventOrganizerID":[],"_EventVenueID":[],"_OrganizerEmail":"","_OrganizerPhone":"","_OrganizerWebsite":"","_VenueAddress":"","_VenueCity":"","_VenueCountry":"","_VenueProvince":"","_VenueState":"","_VenueZip":"","_VenuePhone":"","_VenueURL":"","_VenueStateProvince":"","_VenueLat":"","_VenueLng":"","_VenueShowMap":false,"_VenueShowMapLink":false,"footnotes":""},"class_list":["post-81","page","type-page","status-publish","hentry"],"yoast_head":"<!-- This site is optimized with the Yoast SEO plugin v27.4 - https:\/\/yoast.com\/product\/yoast-seo-wordpress\/ -->\n<title>P\u00e9dagogie - Emanuel ZOZOR - Organiste<\/title>\n<meta name=\"description\" content=\"Emanuel Zozor accueille \u00e0 Revel les \u00e9l\u00e8ves du secteur, et propose ainsi une s\u00e9ance de d\u00e9couverte de l&#039;instrument.\" \/>\n<meta name=\"robots\" content=\"index, follow, max-snippet:-1, max-image-preview:large, max-video-preview:-1\" \/>\n<link rel=\"canonical\" href=\"https:\/\/emanuelzozor.com\/index.php\/pedagogie\/\" \/>\n<meta property=\"og:locale\" content=\"fr_FR\" \/>\n<meta property=\"og:type\" content=\"article\" \/>\n<meta property=\"og:title\" content=\"P\u00e9dagogie - Emanuel ZOZOR - Organiste\" \/>\n<meta property=\"og:description\" content=\"Emanuel Zozor accueille \u00e0 Revel les \u00e9l\u00e8ves du secteur, et propose ainsi une s\u00e9ance de d\u00e9couverte de l&#039;instrument.\" \/>\n<meta property=\"og:url\" content=\"https:\/\/emanuelzozor.com\/index.php\/pedagogie\/\" \/>\n<meta property=\"og:site_name\" content=\"Emanuel ZOZOR - Organiste\" \/>\n<meta property=\"article:modified_time\" content=\"2026-03-25T20:17:00+00:00\" \/>\n<meta property=\"og:image\" content=\"https:\/\/emanuelzozor.com\/wp-content\/uploads\/2024\/03\/IMG_0074.jpeg\" \/>\n\t<meta property=\"og:image:width\" content=\"2116\" \/>\n\t<meta property=\"og:image:height\" content=\"1414\" \/>\n\t<meta property=\"og:image:type\" content=\"image\/jpeg\" \/>\n<meta name=\"twitter:card\" content=\"summary_large_image\" \/>\n<meta name=\"twitter:label1\" content=\"Dur\u00e9e de lecture estim\u00e9e\" \/>\n\t<meta name=\"twitter:data1\" content=\"2 minutes\" \/>\n<script type=\"application\/ld+json\" class=\"yoast-schema-graph\">{\"@context\":\"https:\\\/\\\/schema.org\",\"@graph\":[{\"@type\":\"WebPage\",\"@id\":\"https:\\\/\\\/emanuelzozor.com\\\/index.php\\\/pedagogie\\\/\",\"url\":\"https:\\\/\\\/emanuelzozor.com\\\/index.php\\\/pedagogie\\\/\",\"name\":\"P\u00e9dagogie - Emanuel ZOZOR - Organiste\",\"isPartOf\":{\"@id\":\"https:\\\/\\\/emanuelzozor.com\\\/#website\"},\"primaryImageOfPage\":{\"@id\":\"https:\\\/\\\/emanuelzozor.com\\\/index.php\\\/pedagogie\\\/#primaryimage\"},\"image\":{\"@id\":\"https:\\\/\\\/emanuelzozor.com\\\/index.php\\\/pedagogie\\\/#primaryimage\"},\"thumbnailUrl\":\"https:\\\/\\\/emanuelzozor.com\\\/wp-content\\\/uploads\\\/2024\\\/03\\\/IMG_0074.jpeg\",\"datePublished\":\"2024-03-15T16:12:30+00:00\",\"dateModified\":\"2026-03-25T20:17:00+00:00\",\"description\":\"Emanuel Zozor accueille \u00e0 Revel les \u00e9l\u00e8ves du secteur, et propose ainsi une s\u00e9ance de d\u00e9couverte de l'instrument.\",\"breadcrumb\":{\"@id\":\"https:\\\/\\\/emanuelzozor.com\\\/index.php\\\/pedagogie\\\/#breadcrumb\"},\"inLanguage\":\"fr-FR\",\"potentialAction\":[{\"@type\":\"ReadAction\",\"target\":[\"https:\\\/\\\/emanuelzozor.com\\\/index.php\\\/pedagogie\\\/\"]}]},{\"@type\":\"ImageObject\",\"inLanguage\":\"fr-FR\",\"@id\":\"https:\\\/\\\/emanuelzozor.com\\\/index.php\\\/pedagogie\\\/#primaryimage\",\"url\":\"https:\\\/\\\/emanuelzozor.com\\\/wp-content\\\/uploads\\\/2024\\\/03\\\/IMG_0074.jpeg\",\"contentUrl\":\"https:\\\/\\\/emanuelzozor.com\\\/wp-content\\\/uploads\\\/2024\\\/03\\\/IMG_0074.jpeg\",\"width\":2116,\"height\":1414},{\"@type\":\"BreadcrumbList\",\"@id\":\"https:\\\/\\\/emanuelzozor.com\\\/index.php\\\/pedagogie\\\/#breadcrumb\",\"itemListElement\":[{\"@type\":\"ListItem\",\"position\":1,\"name\":\"Accueil\",\"item\":\"https:\\\/\\\/emanuelzozor.com\\\/\"},{\"@type\":\"ListItem\",\"position\":2,\"name\":\"P\u00e9dagogie\"}]},{\"@type\":\"WebSite\",\"@id\":\"https:\\\/\\\/emanuelzozor.com\\\/#website\",\"url\":\"https:\\\/\\\/emanuelzozor.com\\\/\",\"name\":\"Emanuel ZOZOR - Organiste\",\"description\":\"Organiste liturgique\",\"publisher\":{\"@id\":\"https:\\\/\\\/emanuelzozor.com\\\/#\\\/schema\\\/person\\\/edb34b2cb1e90c22c9e9561a9c64463a\"},\"potentialAction\":[{\"@type\":\"SearchAction\",\"target\":{\"@type\":\"EntryPoint\",\"urlTemplate\":\"https:\\\/\\\/emanuelzozor.com\\\/?s={search_term_string}\"},\"query-input\":{\"@type\":\"PropertyValueSpecification\",\"valueRequired\":true,\"valueName\":\"search_term_string\"}}],\"inLanguage\":\"fr-FR\"},{\"@type\":[\"Person\",\"Organization\"],\"@id\":\"https:\\\/\\\/emanuelzozor.com\\\/#\\\/schema\\\/person\\\/edb34b2cb1e90c22c9e9561a9c64463a\",\"name\":\"admin1476\",\"image\":{\"@type\":\"ImageObject\",\"inLanguage\":\"fr-FR\",\"@id\":\"https:\\\/\\\/emanuelzozor.com\\\/wp-content\\\/uploads\\\/2024\\\/03\\\/IMG-20230524-WA0013-01.jpeg\",\"url\":\"https:\\\/\\\/emanuelzozor.com\\\/wp-content\\\/uploads\\\/2024\\\/03\\\/IMG-20230524-WA0013-01.jpeg\",\"contentUrl\":\"https:\\\/\\\/emanuelzozor.com\\\/wp-content\\\/uploads\\\/2024\\\/03\\\/IMG-20230524-WA0013-01.jpeg\",\"width\":1183,\"height\":1183,\"caption\":\"admin1476\"},\"logo\":{\"@id\":\"https:\\\/\\\/emanuelzozor.com\\\/wp-content\\\/uploads\\\/2024\\\/03\\\/IMG-20230524-WA0013-01.jpeg\"},\"sameAs\":[\"http:\\\/\\\/emanuelzozor.com\"]}]}<\/script>\n<!-- \/ Yoast SEO plugin. -->","yoast_head_json":{"title":"P\u00e9dagogie - Emanuel ZOZOR - Organiste","description":"Emanuel Zozor accueille \u00e0 Revel les \u00e9l\u00e8ves du secteur, et propose ainsi une s\u00e9ance de d\u00e9couverte de l'instrument.","robots":{"index":"index","follow":"follow","max-snippet":"max-snippet:-1","max-image-preview":"max-image-preview:large","max-video-preview":"max-video-preview:-1"},"canonical":"https:\/\/emanuelzozor.com\/index.php\/pedagogie\/","og_locale":"fr_FR","og_type":"article","og_title":"P\u00e9dagogie - Emanuel ZOZOR - Organiste","og_description":"Emanuel Zozor accueille \u00e0 Revel les \u00e9l\u00e8ves du secteur, et propose ainsi une s\u00e9ance de d\u00e9couverte de l'instrument.","og_url":"https:\/\/emanuelzozor.com\/index.php\/pedagogie\/","og_site_name":"Emanuel ZOZOR - Organiste","article_modified_time":"2026-03-25T20:17:00+00:00","og_image":[{"width":2116,"height":1414,"url":"https:\/\/emanuelzozor.com\/wp-content\/uploads\/2024\/03\/IMG_0074.jpeg","type":"image\/jpeg"}],"twitter_card":"summary_large_image","twitter_misc":{"Dur\u00e9e de lecture estim\u00e9e":"2 minutes"},"schema":{"@context":"https:\/\/schema.org","@graph":[{"@type":"WebPage","@id":"https:\/\/emanuelzozor.com\/index.php\/pedagogie\/","url":"https:\/\/emanuelzozor.com\/index.php\/pedagogie\/","name":"P\u00e9dagogie - Emanuel ZOZOR - Organiste","isPartOf":{"@id":"https:\/\/emanuelzozor.com\/#website"},"primaryImageOfPage":{"@id":"https:\/\/emanuelzozor.com\/index.php\/pedagogie\/#primaryimage"},"image":{"@id":"https:\/\/emanuelzozor.com\/index.php\/pedagogie\/#primaryimage"},"thumbnailUrl":"https:\/\/emanuelzozor.com\/wp-content\/uploads\/2024\/03\/IMG_0074.jpeg","datePublished":"2024-03-15T16:12:30+00:00","dateModified":"2026-03-25T20:17:00+00:00","description":"Emanuel Zozor accueille \u00e0 Revel les \u00e9l\u00e8ves du secteur, et propose ainsi une s\u00e9ance de d\u00e9couverte de l'instrument.","breadcrumb":{"@id":"https:\/\/emanuelzozor.com\/index.php\/pedagogie\/#breadcrumb"},"inLanguage":"fr-FR","potentialAction":[{"@type":"ReadAction","target":["https:\/\/emanuelzozor.com\/index.php\/pedagogie\/"]}]},{"@type":"ImageObject","inLanguage":"fr-FR","@id":"https:\/\/emanuelzozor.com\/index.php\/pedagogie\/#primaryimage","url":"https:\/\/emanuelzozor.com\/wp-content\/uploads\/2024\/03\/IMG_0074.jpeg","contentUrl":"https:\/\/emanuelzozor.com\/wp-content\/uploads\/2024\/03\/IMG_0074.jpeg","width":2116,"height":1414},{"@type":"BreadcrumbList","@id":"https:\/\/emanuelzozor.com\/index.php\/pedagogie\/#breadcrumb","itemListElement":[{"@type":"ListItem","position":1,"name":"Accueil","item":"https:\/\/emanuelzozor.com\/"},{"@type":"ListItem","position":2,"name":"P\u00e9dagogie"}]},{"@type":"WebSite","@id":"https:\/\/emanuelzozor.com\/#website","url":"https:\/\/emanuelzozor.com\/","name":"Emanuel ZOZOR - Organiste","description":"Organiste liturgique","publisher":{"@id":"https:\/\/emanuelzozor.com\/#\/schema\/person\/edb34b2cb1e90c22c9e9561a9c64463a"},"potentialAction":[{"@type":"SearchAction","target":{"@type":"EntryPoint","urlTemplate":"https:\/\/emanuelzozor.com\/?s={search_term_string}"},"query-input":{"@type":"PropertyValueSpecification","valueRequired":true,"valueName":"search_term_string"}}],"inLanguage":"fr-FR"},{"@type":["Person","Organization"],"@id":"https:\/\/emanuelzozor.com\/#\/schema\/person\/edb34b2cb1e90c22c9e9561a9c64463a","name":"admin1476","image":{"@type":"ImageObject","inLanguage":"fr-FR","@id":"https:\/\/emanuelzozor.com\/wp-content\/uploads\/2024\/03\/IMG-20230524-WA0013-01.jpeg","url":"https:\/\/emanuelzozor.com\/wp-content\/uploads\/2024\/03\/IMG-20230524-WA0013-01.jpeg","contentUrl":"https:\/\/emanuelzozor.com\/wp-content\/uploads\/2024\/03\/IMG-20230524-WA0013-01.jpeg","width":1183,"height":1183,"caption":"admin1476"},"logo":{"@id":"https:\/\/emanuelzozor.com\/wp-content\/uploads\/2024\/03\/IMG-20230524-WA0013-01.jpeg"},"sameAs":["http:\/\/emanuelzozor.com"]}]}},"_links":{"self":[{"href":"https:\/\/emanuelzozor.com\/index.php\/wp-json\/wp\/v2\/pages\/81","targetHints":{"allow":["GET"]}}],"collection":[{"href":"https:\/\/emanuelzozor.com\/index.php\/wp-json\/wp\/v2\/pages"}],"about":[{"href":"https:\/\/emanuelzozor.com\/index.php\/wp-json\/wp\/v2\/types\/page"}],"author":[{"embeddable":true,"href":"https:\/\/emanuelzozor.com\/index.php\/wp-json\/wp\/v2\/users\/1"}],"replies":[{"embeddable":true,"href":"https:\/\/emanuelzozor.com\/index.php\/wp-json\/wp\/v2\/comments?post=81"}],"version-history":[{"count":20,"href":"https:\/\/emanuelzozor.com\/index.php\/wp-json\/wp\/v2\/pages\/81\/revisions"}],"predecessor-version":[{"id":647,"href":"https:\/\/emanuelzozor.com\/index.php\/wp-json\/wp\/v2\/pages\/81\/revisions\/647"}],"wp:attachment":[{"href":"https:\/\/emanuelzozor.com\/index.php\/wp-json\/wp\/v2\/media?parent=81"}],"curies":[{"name":"wp","href":"https:\/\/api.w.org\/{rel}","templated":true}]}}